alculate q(l).
-2
Suppose -4*l = -7*l + 6. Let w(y) = y**3. Let u(b) = 6*b - b**2 - 2 - 6*b - b**2. Let x(h) = -u(h) - 2*w(h). Calculate x(l).
-6
Let m(z) = 4*z - 6. Let y be 2/24 - (-4687)/(-516). Give m(y).
-42
Let r(l) = 4*l**2 - 2 - 2 + 3*l + 7 - 2*l**2. Give r(-2).
5
Let y be -23 - 6*(-4)/6. Let k = y + 38. Let r = 21 - k. Let a(d) = d**3 - 2*d**2 + 2*d + 2. Determine a(r).
6
Suppose -54 = -4*a + w, 8*a = 3*a - 4*w + 78. Let f be -3 + a/3 + (-5)/(-15). Let d(p) = -p**3 - p + 2. Calculate d(f).
-8
Let d be 3 + (3 - 5)*-4. Let a = 17 - 1. Let l = d - a. Let q(h) = -3*h - 7. Calculate q(l).
8
Let k(g) = g**2 - 17*g + 18. Let q be -3*50/(-30) - 2*-5. What is k(q)?
-12
Let z(w) = 3*w - 8. Let x = -57 - -83. Suppose 4*a + 2 - x = -2*i, -2*i = 2*a - 18. What is z(i)?
10
Suppose 34*s - 158 = 352. Let z(d) = d - 21. Give z(s).
-6
Let j(l) be the second derivative of l**4/12 - l**3/6 - l**2 + 57*l. Calculate j(4).
10
Let f(m) = m**3 + 10*m**2 - 9*m - 10. Let h(l) = -l**2 - 28*l + 154. Let i be h(-33). Determine f(i).
-32
Let h(j) be the second derivative of j**3/6 + 9*j**2/2 - 47*j - 2. Let t(b) = -b - 1. Let f be t(7). What is h(f)?
1
Let p(i) be the third derivative of i**6/720 - 3*i**4/4 + 8*i**2. Let r(k) be the second derivative of p(k). Give r(3).
3
Let g(n) = -n**2 - 9*n - 7. Let s be g(0). Let w(h) = h**3 + 6*h**2 - 7*h. Calculate w(s).
0
Suppose -5*w - 47 = 188. Let r = 54 + w. Let p(s) = s**2 - 7*s + 7. What is p(r)?
7
Let r(a) = a**2 + 8*a + 2. Let o be r(-8). Let q(h) = 2*h**o + 353 - h**2 - 352. What is q(0)?
1
Let w(c) be the first derivative of -c**3/3 - 4*c**2 - 5*c + 18. Give w(-6).
7
Let d(p) = -p - 12. Let c be (-16)/(-56) + (-51)/7. Let t be d(c). Let r(h) = h. Give r(t).
-5
Let h(b) be the third derivative of -b**6/120 + b**5/20 + 7*b**4/24 - b**3 - b**2 + b. Calculate h(3).
15
Let y = -53 - -110. Let a = y + -54. Let s(j) = 3*j - 3. Calculate s(a).
6
Let f(h) = -8*h + 3 + 1 - 9 - h**2 - 2. Let m = 0 + 2. Suppose -4*g + m*g - 19 = 3*s, 4*s + 4*g = -28. Determine f(s).
8
Let x(r) = -2*r**2 - r + 8. Let f(o) be the first derivative of -2*o**3/3 - o**2/2 + 7*o + 10. Let v(k) = -7*f(k) + 6*x(k). Let p = -3 - -4. Determine v(p).
2
Let m(d) = d**2 + 11*d + 15. Let u be 19602/(-1936) - (3/8)/(-3). Calculate m(u).
5
Let l be 4/(-18) + (-174)/(-54). Suppose 3*k + 1 = -5, 0 = c + l*k + 5. Let p(x) = -9*x**3 + 2*x**2 - 1. Calculate p(c).
-8
Let u = 29 + 4. Let x = u + -39. Let p(b) = b**2 + 5*b - 4. Calculate p(x).
2
Let g(d) = -48 + d - 58 - 50 + 155. What is g(-4)?
-5
Let l(g) be the first derivative of -g**2/2 + 15*g + 120. Calculate l(8).
7
Let p(i) = -i**3 - 2*i**2 + 3*i + 3. Suppose -6 = -q - 2*q. Suppose -4*w + 5*o = -5*w - 12, 4*w - 3*o + q = 0. Determine p(w).
-3
Let p(v) = v**2 + 20. Let o(l) = 11*l**2 - 4*l + 17. Let x(n) = 7*n**2 - 3*n + 11. Let b(w) = 5*o(w) - 8*x(w). Let i be b(3). Give p(i).
20
Let r(d) be the third derivative of d**4/24 + 7*d**3/3 - 5*d**2. Let n(m) = -m. Let l be n(-6). Suppose 0 = 3*v + 15 + l. Calculate r(v).
7
Let p = -102 + 106. Suppose p*z + 39 = 71. Let l(x) = -2*x + 7. Give l(z).
-9
Let a(f) = -2*f - 3. Let t be 2/4*18/(-3). Let j(q) = q**2 + 5*q - 1. Let x be j(t). Let v(c) = -6*c - 10. Let g(n) = x*a(n) + 2*v(n). Determine g(1).
3
Suppose 2*r = 3*y - 3*r - 27, -5*r = 4*y - 1. Suppose a - y*l = 9, -2*a + 1 = -2*l - 11. Let g(c) = c**2 - 3*c + 2. Calculate g(a).
12
Let t(o) be the first derivative of -o**3/3 + 15*o**2/2 + 24*o + 289. Give t(17).
-10
Let k(l) = l**2 - 6*l - 1. Suppose 399*d - 402*d = -15. Give k(d).
-6
Let t(u) = -u**2 + 3*u - 4. Let z = 43 + -34. Let m be (-3)/(z/(-12)) + -1. What is t(m)?
-4
Let n(x) = 3*x**2 + 5 - x**2 - x**2. Let z(b) = -7*b - 25. Let h be z(-7). Let a = h - 24. Calculate n(a).
5
Let h be -6*(-9 + 8 - 0). Let f(u) = u**3 + 0 - 5*u**2 - 5*u - 1 - 3. Give f(h).
2
Let x(c) be the second derivative of -c**6/360 - c**5/60 - 7*c**4/6 - 14*c. Let s(u) be the third derivative of x(u). Give s(-4).
6
Let b(f) = 16*f - 388. Let h be b(24). Let n(g) = -g**3 - 4*g**2 + 3*g + 6. Calculate n(h).
-6
Let i(q) = 1 - 141*q + 126*q + 0. Calculate i(1).
-14
Let d be (26 + -19)/(-3 - (-2)/1). Let y(p) = p**2 + 7*p + 6. Calculate y(d).
6
Let p(d) be the first derivative of -d**6/360 + d**5/40 + 7*d**4/24 - 14*d**3/3 - 25. Let n(u) be the third derivative of p(u). Calculate n(5).
-3
Let k(a) be the third derivative of a**6/60 + a**5/20 + a**4/6 + a**3/6 + 41*a**2 + 6*a. Determine k(-2).
-11
Let s(h) = 7*h + 27. Let u(d) = -12*d - 53. Let c(b) = -7*s(b) - 4*u(b). Give c(0).
23
Let j(p) be the first derivative of p**3/3 - p**2 + p - 181. Give j(2).
1
Let u be 10/(-55) - (-48)/22. Let r(d) = 2*d**3 + 2*d**2 - 3*d**3 + 0*d**u + d - 2*d. Give r(3).
-12
Let c(w) = 2*w**2 - 23*w + 34. Let f(d) = -3*d**2 + 35*d - 53. Let x(t) = -8*c(t) - 5*f(t). Determine x(6).
11
Suppose -x = 33*x - 34. Let g(i) = -7*i + 1. Give g(x).
-6
Let z(a) = 3*a - 27. Let o = -91 - -101. Give z(o).
3
Let i(d) = d**3 - 4*d**2 + 2*d + 2. Let k(v) = v**3 - 7*v**2 - 7*v - 4. Let j be k(8). Suppose 13 = j*f - 3. Determine i(f).
10
Let w = 43 - 3. Suppose -8*g - w = -16. Let r(z) = z**3 + 3*z**2 - 2*z - 3. What is r(g)?
3
Let w(d) = -d**2 + d - 3. Let a be 1/(5/(-2) - -3). Suppose 5*o - 3*z = 0, a*o + 2*o = 4*z. Calculate w(o).
-3
Let b(g) = -11*g + 3. Let t(o) = 8*o + 3*o - 7*o - 1. Let i(k) = -3*b(k) - 8*t(k). Let d(h) = h - 8. Let r be d(4). Give i(r).
-5
Let w be 8/(-2*1) + 1. Let k = 0 - w. Let x(c) be the first derivative of -c**3/3 + 2*c**2 + c - 15. Determine x(k).
4
Suppose 0 = -3*k + 3, -10 = o + 4*k - 5*k. Let c(z) = z**2 + 7*z + 11. Determine c(o).
29
Let d(z) be the third derivative of z**8/20160 + z**7/1008 + z**6/180 - z**5/3 + 9*z**2. Let t(r) be the third derivative of d(r). Determine t(-5).
4
Let d be -7 - (44/(-8))/(8/16). Let y(x) = x**2 - 4*x - 7. What is y(d)?
-7
Let q(i) = -i**2 + 6*i - 1. Suppose -375 - 30 = 9*y. Let p = -39 - y. What is q(p)?
-1
Let r(q) be the second derivative of 29*q**3/6 + 183*q. What is r(-1)?
-29
Let l = 5 - 3. Let b(o) = -o**l + o**2 + o**2 - 9. Let u = -107 - -107. Calculate b(u).
-9
Suppose -4 - 40 = -44*v. Let f(a) = -4*a - 1. Give f(v).
-5
Let z(g) = -g**2 - g - 6. Let j(n) = 2*n**2 + n + 1. Let t(f) = -2*j(f) - 3*z(f). What is t(0)?
16
Let u(h) = -4*h**3 + 2*h**2 - 12*h + 8. Let c(n) = -3*n**3 + 3*n**2 - 11*n + 5. Let s(r) = 5*c(r) - 4*u(r). Calculate s(-7).
42
Suppose 377 - 386 = -3*t. Let z(p) be the second derivative of -1/20*p**5 - 7/12*p**4 - 2/3*p**t - 8*p + 3*p**2 + 0. Determine z(-6).
-6
Let c(y) = 2*y**3 + 2*y**2 + 2*y + 2. Suppose -6*j - 14 = -7*j. Suppose 6*k = -k - j. Calculate c(k).
-10
Let n(h) = -2*h**2 + 9*h + 1. Suppose -k + 3 + 4 = 3*c, 4*c + 16 = 5*k. Determine n(k).
5
Let f be (-2)/(12/6 + -3). Let v(r) = -38*r - 4*r**2 - r**3 + 36*r + 11*r**f + 2. Give v(7).
-12
Suppose -18 = 2*o - 8*o. Suppose -m = -4*m + o. Let u(j) = 2*j - 3*j - 3*j**2 - 3*j**2 - 7*j**2. What is u(m)?
-14
Let n(m) = 2*m**2 + m. Let g be n(-1). Let p(j) = 2*j**2 + 6*j - 2. Let x(u) = u**2 + u - 1. Let q(b) = g*p(b) - 3*x(b). Give q(4).
-3
Let u = 0 - -7. Let d be (522/u)/(-9) + (-4)/(-14). Let j(t) = t**3 + 8*t**2 - 3. Give j(d).
-3
Let u(h) be the first derivative of 3*h**2 + 4*h + 9 + 1/3*h**3. What is u(-6)?
4
Let t(w) = -2*w - 3. Let c(j) = -j - 9. Let r(a) = -c(a) + 2*t(a). Let g(z) = 6*z**2. Let q be g(1). Give r(q).
-15
Let z = -189 - -182. Let y(h) = h**3 - 8*h**2 - 9*h - 8. Let t(o) = -6*o**3 + 40*o**2 + 46*o + 39. Let u(r) = -2*t(r) - 11*y(r). What is u(z)?
10
Let t(y) = 2*y + 1. Let o(m) = -m**2 - 13*m - 11. Let g(s) = -o(s) - 6*t(s). Give g(-4).
17
Let p = -6 + 9. Suppose -3*l - p*a + 6 = 0, -2*a - 12 = -l + 2*a. Let f(g) = -g**2 + 3*g + 1. What is f(l)?
-3
Let k(s) = -5 + 6 + 2 + 2*s - 2 + 2. Determine k(-3).
-3
Suppose -3 + 9 = 3*r. Let n(b) = 0 + 10 + b**r - 12. Determine n(-3).
7
Let g(o) = 5*o**2 + 13*o - 4. Let d be g(-3). Let k(q) = -2*q**2 + q**3 - 3*q + 3*q**2 + 4*q - 2 + 0*q. Determine k(d).
12
Let t(k) = 1 - 3 + 1 + 2*k. Let m be 16/(-4) - -6 - (-1 + -2). Let g(d) = d - 3. Let p be g(m). Give t(p).
3
Let t(x) be the first derivative of x**2/2 + x + 873. Let j = -1 + 1. Determine t(j).
1
Let l(w) be the third derivative of w**5/60 - w**4/24 + 13*w**3/6 + w